the remainder when 201237 is divided by 11488.
5941
What is the remainder when 904785 is divided by 112742?
2849
Calculate the remainder when 117538962 is divided by 2781.
2778
Calculate the remainder when 8434802 is divided by 2447.
2440
Calculate the remainder when 48203378 is divided by 1869.
1868
What is the remainder when 1757674 is divided by 159785?
39
Calculate the remainder when 7214305 is divided by 14.
7
Calculate the remainder when 5498633 is divided by 3922.
3911
Calculate the remainder when 424681 is divided by 1206.
169
Calculate the remainder when 5110331 is divided by 14.
9
Calculate the remainder when 7898 is divided by 3828.
242
Calculate the remainder when 6420799 is divided by 713420.
19
What is the remainder when 1793410 is divided by 366?
10
What is the remainder when 4133572 is divided by 131?
129
What is the remainder when 5096503 is divided by 188755?
118
Calculate the remainder when 139111 is divided by 2623.
92
What is the remainder when 72237 is divided by 35037?
2163
What is the remainder when 4212278924 is divided by 25?
24
What is the remainder when 2110053 is divided by 14354?
15
What is the remainder when 9825328 is divided by 21?
16
What is the remainder when 1806942 is divided by 11810?
12
What is the remainder when 9939461 is divided by 19?
10
What is the remainder when 305209535 is divided by 2338?
1
What is the remainder when 20334146 is divided by 16931?
15
Calculate the remainder when 27983 is divided by 3570.
2993
Calculate the remainder when 1350268 is divided by 14.
10
Calculate the remainder when 2100626 is divided by 2590.
136
What is the remainder when 1424013 is divided by 2282?
45
What is the remainder when 367645 is divided by 209?
14
What is the remainder when 7032225 is divided by 178?
157
What is the remainder when 34139377 is divided by 1422473?
25
Calculate the remainder when 18700225 is divided by 948.
925
What is the remainder when 359220398 is divided by 749?
747
Calculate the remainder when 37481 is divided by 5242.
787
What is the remainder when 74555706 is divided by 14911141?
1
Calculate the remainder when 28283715 is divided by 247.
239
What is the remainder when 15151064 is divided by 62?
0
Calculate the remainder when 1912264 is divided by 1706.
1544
What is the remainder when 39312 is divided by 9824?
16
Calculate the remainder when 174607 is divided by 1015.
27
Calculate the remainder when 307355 is divided by 30718.
175
What is the remainder when 818101 is divided by 427?
396
What is the remainder when 17726382 is divided by 58?
16
What is the remainder when 181812 is divided by 2952?
1740
What is the remainder when 3989347 is divided by 111?
7
What is the remainder when 3608966 is divided by 507?
140
Calculate the remainder when 53457 is divided by 2650.
457
Calculate the remainder when 791218 is divided by 678.
670
Calculate the remainder when 8810936 is divided by 1196.
4
What is the remainder when 389954 is divided by 74?
48
What is the remainder when 31207851 is divided by 1642?
1641
Calculate the remainder when 34082628 is divided by 84994.
34
What is the remainder when 28135367 is divided by 53?
52
What is the remainder when 753459 is divided by 21522?
189
What is the remainder when 22853149 is divided by 5719?
25
Calculate the remainder when 1089976 is divided by 6987.
4
What is the remainder when 150432 is divided by 37606?
8
Calculate the remainder when 15059 is divided by 6179.
2701
What is the remainder when 5830059 is divided by 895?
29
What is the remainder when 25771846 is divided by 118?
56
Calculate the remainder when 43765933 is divided by 2598.
25
What is the remainder when 4475910 is divided by 7196?
7194
Calculate the remainder when 26831029 is divided by 3353878.
5
What is the remainder when 17217577 is divided by 754?
741
Calculate the remainder when 229272642 is divided by 105.
102
Calculate the remainder when 671400 is divided by 669364.
2036
What is the remainder when 4228698 is divided by 81321?
6
What is the remainder when 75166929 is divided by 15?
9
Calculate the remainder when 492873 is divided by 164214.
231
What is the remainder when 518922 is divided by 1138?
1132
What is the remainder when 13837 is divided by 5710?
2417
Calculate the remainder when 5503208 is divided by 63.
32
Calculate the remainder when 1541030 is divided by 47.
41
Calculate the remainder when 6408429 is divided by 150.
129
What is the remainder when 559122 is divided by 279521?
80
Calculate the remainder when 154058834 is divided by 9628677.
2
Calculate the remainder when 19157051 is divided by 1094.
17
Calculate the remainder when 1707165 is divided by 4174.
4173
Calculate the remainder when 164317 is divided by 54516.
769
What is the remainder when 865180478 is divided by 979?
976
What is the remainder when 1808936 is divided by 10336?
136
Calculate the remainder when 206933 is divided by 18729.
914
Calculate the remainder when 3805493 is divided by 20.
13
What is the remainder when 193571 is divided by 27653?
0
What is the remainder when 196864992 is divided by 39372998?
2
What is the remainder when 4527205 is divided by 38694?
7
Calculate the remainder when 6378405 is divided by 7.
5
Calculate the remainder when 155185 is divided by 2213.
275
Calculate the remainder when 16936350 is divided by 16936330.
20
What is the remainder when 85232470 is divided by 16?
6
Calculate the remainder when 810788 is divided by 3324.
3056
Calculate the remainder when 2533432 is divided by 48714.
304
Calculate the remainder when 4213214 is divided by 784.
782
What is the remainder when 1407737 is divided by 624?
617
What is the remainder when 110311 is divided by 7873?
89
Calculate the remainder when 526110154 is divided by 396.
394
Calculate the remainder when 7818514 is divided by 482.
474
What is the remainder when 18155 is divided by 1777?
385
What is the remainder when 282606438 is divided by 19?
1
Calculate the remainder when 62613 is divided by 874.
559
Calculate the remainder when 22562925 is divided by 1623.
1602
What is the remainder when 42761568 is divided by 205?
3
Calculate the remainder when 143851015 is divided by 47950335.
10
What is the remainder when 337955 is divided by 8664?
59
What is the remainder when 404140 is divided by 1837?
0
Calculate the remainder when 123730 is divided by 123638.
92
Calculate the remainder when 3382728 is divided by 65.
63
What is the remainder when 422144 is divided by 162?
134
Calculate the remainder when 27495878 is divided by 9165276.
50
What is the remainder when 2128512 is divided by 2031?
24
What is the remainder when 56183 is divided by 56137?
46
Calculate the remainder when 19675 is divided by 1433.
1046
What is the remainder when 368941 is divided by 19?
18
What is the remainder when 30418338 is divided by 1594?
36
What is the remainder when 24950941 is divided by 14729?
15
What is the remainder when 489472 is divided by 639?
637
What is the remainder when 1667 is divided by 472?
251
Calculate the remainder when 74058762 is divided by 2503.
2501
What is the remainder when 1247707 is divided by 606?
559
Calculate the remainder when 1130716 is divided by 75.
16
What is the remainder when 9283800 is divided by 427?
393
Calculate the remainder when 12613550 is divided by 95557.
26
What is the remainder when 2101765 is divided by 31?
27
Calculate the remainder when 14739738 is divided by 48327.
3
What is the remainder when 27914809 is divided by 1163117?
1
Calculate the remainder when 496461 is divided by 496443.
18
Calculate the remainder when 104224 is divided by 25928.
512
Calculate the remainder when 1316899 is divided by 219.
52
Calculate the remainder when 1197168 is divided by 839.
754
Calculate the remainder when 5716844 is divided by 1143366.
14
What is the remainder when 11048968 is divided by 2?
0
Calculate the remainder when 102383 is divided by 33850.
833
What is the remainder when 9384 is divided by 174?
162
Calculate the remainder when 1181 is divided by 695.
486
What is the remainder when 22900677 is divided by 8438?
8383
What is the remainder when 946839 is divided by 17632?
12343
What is the remainder when 2125769 is divided by 53144?
9
Calculate the remainder when 130227166 is divided by 751.
11
Calculate the re